{"id":7034,"date":"2021-02-08T22:00:35","date_gmt":"2021-02-08T22:00:35","guid":{"rendered":"https:\/\/naturalfrank.com\/ayudar\/?page_id=7034"},"modified":"2021-11-20T06:47:01","modified_gmt":"2021-11-20T06:47:01","slug":"politica-de-cookies","status":"publish","type":"page","link":"https:\/\/naturalfrank.com\/ayudar\/politica-de-cookies\/","title":{"rendered":"Pol\u00edtica de Cookies"},"content":{"rendered":"\t\t<div data-elementor-type=\"wp-page\" data-elementor-id=\"7034\" class=\"elementor elementor-7034\">\n\t\t\t\t\t\t<section class=\"elementor-section elementor-top-section elementor-element elementor-element-3979e6e1 elementor-section-boxed elementor-section-height-default elementor-section-height-default\" data-id=\"3979e6e1\" data-element_type=\"section\" data-e-type=\"section\">\n\t\t\t\t\t\t<div class=\"elementor-container elementor-column-gap-default\">\n\t\t\t\t\t<div class=\"elementor-column elementor-col-100 elementor-top-column elementor-element elementor-element-700f58db\" data-id=\"700f58db\" data-element_type=\"column\" data-e-type=\"column\">\n\t\t\t<div class=\"elementor-widget-wrap elementor-element-populated\">\n\t\t\t\t\t\t<div class=\"elementor-element elementor-element-ef5d140 elementor-widget elementor-widget-text-editor\" data-id=\"ef5d140\" data-element_type=\"widget\" data-e-type=\"widget\" data-widget_type=\"text-editor.default\">\n\t\t\t\t<div class=\"elementor-widget-container\">\n\t\t\t\t\t\t\t\t\t<img fetchpriority=\"high\" decoding=\"async\" src=\"https:\/\/naturalfrank.com\/ayudar\/wp-content\/uploads\/Politica-Cookies-1024x577.jpg\" alt=\"Pol\u00edtica de Cookies\" width=\"1024\" height=\"577\" class=\"aligncenter size-large wp-image-7038\" srcset=\"https:\/\/naturalfrank.com\/ayudar\/wp-content\/uploads\/Politica-Cookies-1024x577.jpg 1024w, https:\/\/naturalfrank.com\/ayudar\/wp-content\/uploads\/Politica-Cookies-150x84.jpg 150w, https:\/\/naturalfrank.com\/ayudar\/wp-content\/uploads\/Politica-Cookies-600x338.jpg 600w, https:\/\/naturalfrank.com\/ayudar\/wp-content\/uploads\/Politica-Cookies-300x169.jpg 300w, https:\/\/naturalfrank.com\/ayudar\/wp-content\/uploads\/Politica-Cookies-768x433.jpg 768w, https:\/\/naturalfrank.com\/ayudar\/wp-content\/uploads\/Politica-Cookies.jpg 1280w\" sizes=\"(max-width: 1024px) 100vw, 1024px\" \/>\n<\/br>\n<p style=\"text-align: justify;\">En esta web recopilamos y utilizamos la informaci\u00f3n seg\u00fan indicamos en nuestra pol\u00edtica de privacidad. Una de las formas en las que recopilamos informaci\u00f3n es a trav\u00e9s del uso de la tecnolog\u00eda llamada \u201ccookies\u201d. En NATURALFRANK.COM utilizamos cookies para varias cosas.<\/p>\n\n<hr \/>\n<strong>\u00bfQU\u00c9 ES UNA COOKIE?<\/strong>\n<hr \/>\n<p style=\"text-align: justify;\">Una \u201ccookie\u201d es una peque\u00f1a cantidad de texto que se almacena en su navegador (como Chrome de Google o Safari de Apple) cuando navega por la mayor\u00eda de los sitios web.<\/p>\n\n<hr \/>\n<strong>\u00bfQU\u00c9 NO ES UNA COOKIE?<\/strong>\n<hr \/>\n\n<p style=\"text-align: justify;\">No es un virus, ni un troyano, ni un gusano, ni spam, ni spyware, ni abre ventanas pop-up.<\/p>\n\n<hr \/>\n<strong>\u00bfQU\u00c9 SON LAS COOKIES PROPIAS Y LAS DE TERCEROS?<\/strong>\n<hr \/>\n\n<p style=\"text-align: justify;\">Las cookies propias son las generadas por la p\u00e1gina que est\u00e1 visitando y las de terceros son las generadas por servicios o proveedores externos como Mailchimp, Mailrelay, Facebook, Twitter, Google Adsense, etc.<\/p>\n\n<hr \/>\n<strong>\u00bfQU\u00c9 INFORMACI\u00d3N ALMACENA UNA COOKIE?<\/strong>\n<hr \/>\n\n<p style=\"text-align: justify;\">Las cookies no suelen almacenar informaci\u00f3n sensible sobre usted como tarjetas de cr\u00e9dito o datos bancarios, fotograf\u00edas o informaci\u00f3n personal, etc. Los datos que guardan son de car\u00e1cter t\u00e9cnico, estad\u00edsticos, preferencias personales, personalizaci\u00f3n de contenidos, etc.<\/p>\n<p style=\"text-align: justify;\">El servidor web no le asocia a usted como persona sino a su navegador web. De hecho, si usted navega habitualmente con el navegador Chrome y prueba a navegar por la misma web con el navegador Firefox, ver\u00e1 que la web no se da cuenta que es usted la misma persona porque en realidad est\u00e1 asociando la informaci\u00f3n al navegador, no a la persona.<\/p>\n\n<hr \/>\n<strong>\u00bfQU\u00c9 TIPO DE COOKIES EXISTEN?<\/strong>\n<hr \/>\n\n<p style=\"text-align: justify;\"><strong>Cookies t\u00e9cnicas:<\/strong>\u00a0Son las m\u00e1s elementales y permiten, entre otras cosas, saber cu\u00e1ndo est\u00e1 navegando un humano o una aplicaci\u00f3n automatizada, cu\u00e1ndo navega un usuario an\u00f3nimo y uno registrado, etc., todas ellas tareas b\u00e1sicas para el funcionamiento de cualquier web din\u00e1mica.<\/p>\n<p style=\"text-align: justify;\"><strong>Cookies de an\u00e1lisis:<\/strong>\u00a0Recogen informaci\u00f3n sobre el tipo de navegaci\u00f3n que est\u00e1 realizando, las secciones que m\u00e1s se utilizan, los productos consultados, la franja horaria de uso, el idioma, etc.<\/p>\n<p style=\"text-align: justify;\"><strong>Cookies publicitarias:<\/strong>\u00a0Muestran publicidad en funci\u00f3n de la navegaci\u00f3n, el pa\u00eds de procedencia, el idioma, etc.<\/p>\n\n<hr \/>\n<strong>\u00bfQU\u00c9 COOKIES UTILIZA ESTA WEB?<\/strong>\n<hr \/>\n\n<p style=\"text-align: justify;\">Esta web utiliza cookies propias y de terceros. En este sitio web se utilizan las siguientes cookies que se detallan a continuaci\u00f3n:<\/p>\n\n<strong>Cookies propias:<\/strong>\n<ul style=\"text-align: justify;\">\n \t<li><strong>Personalizaci\u00f3n:<\/strong>\u00a0Las cookies le ayudan a recordar con qu\u00e9 personas o sitios web ha interactuado para que podamos mostrarle contenido relacionado.<\/li>\n \t<li><strong>Preferencias:<\/strong>\u00a0Las cookies nos permite recordar sus ajustes y preferencias, como el idioma preferido y su configuraci\u00f3n de privacidad.<\/li>\n \t<li><strong>Seguridad:<\/strong>\u00a0Utilizamos cookies para evitarte riesgos de seguridad y principalmente para detectar cu\u00e1ndo alguien est\u00e1 intentando piratear su cuenta de NATURALFRANK.COM.<\/li>\n<\/ul>\n<strong>Cookies de terceros:<\/strong>\n<p style=\"text-align: justify;\">Esta web utiliza servicios de an\u00e1lisis, concretamente, Google Analytics, para ayudar al website a analizar el uso que hacen los usuarios del sitio web y mejorar su usabilidad, pero en ning\u00fan caso se asocian a datos que pudieran llegar a identificar al usuario. Google Analytics es un servicio anal\u00edtico de web prestado por Google, Inc. El usuario puede consultar\u00a0<a href=\"https:\/\/www.google.es\/intl\/es\/policies\/technologies\/types\/\">aqu\u00ed<\/a>\u00a0el tipo de cookies utilizadas por Google.<\/p>\n<p style=\"text-align: justify;\">NATURALFRANK.COM es usuario de la plataforma de suministro y alojamiento de blogs WordPress, propiedad de la empresa norteamericana Automattic, Inc. A tales efectos, los usos de tales cookies por los sistemas nunca est\u00e1n bajo control o gesti\u00f3n del responsable de la web y pueden cambiar su funci\u00f3n en cualquier momento as\u00ed como entrar cookies nuevas. Estas cookies tampoco reportan al responsable de esta web beneficio alguno. Automattic, Inc., utiliza adem\u00e1s otras cookies con la finalidad de ayudar a identificar y rastrear a los visitantes de los sitios de WordPress, conocer el uso que hacen del sitio web de Automattic, as\u00ed como sus preferencias de acceso al mismo, tal y como se recoge en el apartado \u201cCookies\u201d de su pol\u00edtica de privacidad.<\/p>\n<p style=\"text-align: justify;\">Las cookies de redes sociales pueden almacenarse en su navegador mientras navega por\u00a0<a href=\"https:\/\/naturalfrank.com\">naturalfrank.com<\/a>\u00a0por ejemplo, cuando utiliza el bot\u00f3n de compartir contenidos de\u00a0<a href=\"https:\/\/naturalfrank.com\">naturalfrank.com<\/a>\u00a0en alguna red social.<\/p>\n<p style=\"text-align: justify;\">A continuaci\u00f3n, tiene informaci\u00f3n sobre las cookies de las redes sociales que utiliza esta web en sus propias pol\u00edticas de cookies:<\/p>\n\n<ul style=\"text-align: justify;\">\n \t<li>Cookies de Facebook, ver m\u00e1s informaci\u00f3n en su\u00a0<a href=\"https:\/\/app.sulopdfacil.com\/lopd\/imprimirPoliticaCookies.action?modo=2\">pol\u00edtica de cookies<\/a><\/li>\n \t<li>Cookies de Twitter, ver m\u00e1s informaci\u00f3n en su\u00a0<a href=\"https:\/\/app.sulopdfacil.com\/lopd\/imprimirPoliticaCookies.action?modo=2\">pol\u00edtica de cookies<\/a><\/li>\n \t<li>Cookies de Instagram, ver m\u00e1s informaci\u00f3n en su\u00a0<a href=\"https:\/\/app.sulopdfacil.com\/lopd\/imprimirPoliticaCookies.action?modo=2\">pol\u00edtica de cookies<\/a><\/li>\n \t<li>Cookies de Google+, ver m\u00e1s informaci\u00f3n en su\u00a0<a href=\"https:\/\/app.sulopdfacil.com\/lopd\/imprimirPoliticaCookies.action?modo=2\">pol\u00edtica de cookies<\/a><\/li>\n \t<li>Cookies de Linkedin, ver m\u00e1s informaci\u00f3n en su\u00a0<a href=\"https:\/\/app.sulopdfacil.com\/lopd\/imprimirPoliticaCookies.action?modo=2\">pol\u00edtica de cookies<\/a><\/li>\n \t<li>Cookies de Youtube, ver m\u00e1s informaci\u00f3n en su\u00a0<a href=\"https:\/\/app.sulopdfacil.com\/lopd\/imprimirPoliticaCookies.action?modo=2\">pol\u00edtica de cookies<\/a><\/li>\n<\/ul>\n\n<hr \/>\n<strong>\u00bfSE PUEDEN ELIMINAR LAS COOKIES?<\/strong>\n<hr \/>\n\n<p style=\"text-align: justify;\">S\u00ed, y no s\u00f3lo eliminar sino tambi\u00e9n bloquear, de forma general o particular, para un dominio espec\u00edfico. Para eliminar las cookies de un sitio web debe ir a la configuraci\u00f3n de su navegador y all\u00ed podr\u00e1 buscar las asociadas al dominio en cuesti\u00f3n y proceder a su eliminaci\u00f3n.<\/p>\n\n<ul style=\"text-align: justify;\">\n \t<li>Configuraci\u00f3n de cookies para\u00a0<a href=\"http:\/\/support.google.com\/chrome\/bin\/answer.py?hl=es&answer=95647\">Google Chrome<\/a><\/li>\n \t<li>Configuraci\u00f3n de cookies para\u00a0<a href=\"https:\/\/support.apple.com\/es-es\/HT201265\">Apple Safari<\/a><\/li>\n \t<li>Configuraci\u00f3n de cookies para\u00a0<a href=\"https:\/\/support.microsoft.com\/en-us\/help\/17442\/windows-internet-explorer-delete-manage-cookies#ie=ie-10\">Internet Explorer<\/a><\/li>\n \t<li>Configuraci\u00f3n de cookies para\u00a0<a href=\"https:\/\/support.mozilla.org\/es\/kb\/habilitar-y-deshabilitar-cookies-sitios-web-rastrear-preferencias?redirectlocale=es&redirectslug=habilitar-y-deshabilitar-cookies-que-los-sitios-we\">Mozilla Firefox<\/a><\/li>\n<\/ul>\n\n<hr \/>\n<strong>ACEPTACI\u00d3N DE COOKIES<\/strong>\n<hr \/>\n\n<p style=\"text-align: justify;\">Si el usuario sigue navegando despu\u00e9s de haberle informado sobre nuestra Pol\u00edtica de Cookies entendemos que acepta la utilizaci\u00f3n de dichas cookies. Al acceder a este sitio web o aplicaci\u00f3n por primera vez ver\u00e1 una ventana donde se le informa de la utilizaci\u00f3n de las cookies y en la que puede consultar esta pol\u00edtica de cookies. Si el usuario consiente la utilizaci\u00f3n de cookies, contin\u00faa navegando o hace clic en alg\u00fan link se entender\u00e1 que ha consentido nuestra pol\u00edtica de cookies y, por tanto, la instalaci\u00f3n de las mismas en su equipo o dispositivo. Adem\u00e1s del uso de nuestras cookies propias, permitimos a terceros establecer cookies y acceder a ellas en su ordenador. El consentimiento del uso de las cookies de estas empresas est\u00e1 ligado a la navegaci\u00f3n por este sitio web.<\/p>\n\n<hr \/>\n<strong>M\u00c1S INFORMACI\u00d3N SOBRE LAS COOKIES<\/strong>\n<hr \/>\n\n<p style=\"text-align: justify;\">Puede consultar el reglamento sobre cookies publicado por la Agencia Espa\u00f1ola de Protecci\u00f3n de Datos en su \u201cGu\u00eda sobre el uso de las cookies\u201d y obtener m\u00e1s informaci\u00f3n sobre las cookies en Internet\u00a0<a href=\"http:\/\/www.aboutcookies.org\/\">http:\/\/www.aboutcookies.org\/<\/a><\/p>\n<p style=\"text-align: justify;\">Si desea tener un mayor control sobre la instalaci\u00f3n de cookies puede instalar programas o complementos en su navegador, conocidos como herramientas de \u201cDo Not Track\u201d, que le permitir\u00e1n escoger aquellas cookies que desea permitir.<\/p>\n\n<hr \/>\n<strong>TEXTO POP-UPS ADVERTENCIA COOKIES ANAL\u00cdTICAS<\/strong>\n<hr \/>\n\n<p style=\"text-align: justify;\">Utilizamos cookies propias y de terceros para realizar el an\u00e1lisis de la navegaci\u00f3n de los usuarios y mejorar nuestros servicios. Si contin\u00faa navegando consideramos que acepta su uso. Puede cambiar la configuraci\u00f3n, en esta misma pagina tiene los accesos directos.<\/p>\n<p style=\"text-align: justify;\"><\/p>\n<p style=\"text-align: justify;\">Esta pol\u00edtica de cookies ha sido actualizada por \u00faltima vez en Diciembre de 2020.<\/p>\t\t\t\t\t\t\t\t<\/div>\n\t\t\t\t<\/div>\n\t\t\t\t\t<\/div>\n\t\t<\/div>\n\t\t\t\t\t<\/div>\n\t\t<\/section>\n\t\t\t\t<\/div>\n\t\t","protected":false},"excerpt":{"rendered":"<p>En esta web recopilamos y utilizamos la informaci\u00f3n seg\u00fan indicamos en nuestra pol\u00edtica de privacidad. Una de las formas en las que recopilamos informaci\u00f3n es a trav\u00e9s del uso de la tecnolog\u00eda llamada \u201ccookies\u201d. En NATURALFRANK.COM utilizamos cookies para varias cosas. \u00bfQU\u00c9 ES UNA COOKIE? Una \u201ccookie\u201d es una peque\u00f1a cantidad de texto que se [&hellip;]<\/p>\n","protected":false},"author":1,"featured_media":7038,"parent":0,"menu_order":0,"comment_status":"closed","ping_status":"open","template":"template-fullwidth.php","meta":{"footnotes":"","_wp_rev_ctl_limit":""},"class_list":["post-7034","page","type-page","status-publish","has-post-thumbnail","hentry"],"yoast_head":"<!-- This site is optimized with the Yoast SEO plugin v27.5 - https:\/\/yoast.com\/product\/yoast-seo-wordpress\/ -->\n<title>Pol\u00edtica de Cookies &#8902; Natural Shop<\/title>\n<meta name=\"description\" content=\"P\u00e1gina de pol\u00edticas de cookies\" \/>\n<meta name=\"robots\" content=\"noindex, follow\" \/>\n<meta property=\"og:locale\" content=\"es_ES\" \/>\n<meta property=\"og:type\" content=\"article\" \/>\n<meta property=\"og:title\" content=\"Pol\u00edtica de Cookies &#8902; Natural Shop\" \/>\n<meta property=\"og:description\" content=\"P\u00e1gina de pol\u00edticas de cookies\" \/>\n<meta property=\"og:url\" content=\"https:\/\/naturalfrank.com\/ayudar\/politica-de-cookies\/\" \/>\n<meta property=\"og:site_name\" content=\"Natural Shop\" \/>\n<meta property=\"article:modified_time\" content=\"2021-11-20T06:47:01+00:00\" \/>\n<meta property=\"og:image\" content=\"https:\/\/naturalfrank.com\/ayudar\/wp-content\/uploads\/Politica-Cookies.jpg\" \/>\n\t<meta property=\"og:image:width\" content=\"1280\" \/>\n\t<meta property=\"og:image:height\" content=\"721\" \/>\n\t<meta property=\"og:image:type\" content=\"image\/jpeg\" \/>\n<meta name=\"twitter:card\" content=\"summary_large_image\" \/>\n<script type=\"application\/ld+json\" class=\"yoast-schema-graph\">{\"@context\":\"https:\\\/\\\/schema.org\",\"@graph\":[{\"@type\":\"WebPage\",\"@id\":\"https:\\\/\\\/naturalfrank.com\\\/ayudar\\\/politica-de-cookies\\\/\",\"url\":\"https:\\\/\\\/naturalfrank.com\\\/ayudar\\\/politica-de-cookies\\\/\",\"name\":\"Pol\u00edtica de Cookies &#8902; Natural Shop\",\"isPartOf\":{\"@id\":\"https:\\\/\\\/naturalfrank.com\\\/ayudar\\\/#website\"},\"primaryImageOfPage\":{\"@id\":\"https:\\\/\\\/naturalfrank.com\\\/ayudar\\\/politica-de-cookies\\\/#primaryimage\"},\"image\":{\"@id\":\"https:\\\/\\\/naturalfrank.com\\\/ayudar\\\/politica-de-cookies\\\/#primaryimage\"},\"thumbnailUrl\":\"https:\\\/\\\/naturalfrank.com\\\/ayudar\\\/wp-content\\\/uploads\\\/Politica-Cookies.jpg\",\"datePublished\":\"2021-02-08T22:00:35+00:00\",\"dateModified\":\"2021-11-20T06:47:01+00:00\",\"description\":\"P\u00e1gina de pol\u00edticas de cookies\",\"inLanguage\":\"es\",\"potentialAction\":[{\"@type\":\"ReadAction\",\"target\":[\"https:\\\/\\\/naturalfrank.com\\\/ayudar\\\/politica-de-cookies\\\/\"]}]},{\"@type\":\"ImageObject\",\"inLanguage\":\"es\",\"@id\":\"https:\\\/\\\/naturalfrank.com\\\/ayudar\\\/politica-de-cookies\\\/#primaryimage\",\"url\":\"https:\\\/\\\/naturalfrank.com\\\/ayudar\\\/wp-content\\\/uploads\\\/Politica-Cookies.jpg\",\"contentUrl\":\"https:\\\/\\\/naturalfrank.com\\\/ayudar\\\/wp-content\\\/uploads\\\/Politica-Cookies.jpg\",\"width\":1280,\"height\":721,\"caption\":\"Pol\u00edtica de Cookies\"},{\"@type\":\"WebSite\",\"@id\":\"https:\\\/\\\/naturalfrank.com\\\/ayudar\\\/#website\",\"url\":\"https:\\\/\\\/naturalfrank.com\\\/ayudar\\\/\",\"name\":\"Natural Shop\",\"description\":\"La Tienda de NaturalFrank!\",\"publisher\":{\"@id\":\"https:\\\/\\\/naturalfrank.com\\\/ayudar\\\/#organization\"},\"potentialAction\":[{\"@type\":\"SearchAction\",\"target\":{\"@type\":\"EntryPoint\",\"urlTemplate\":\"https:\\\/\\\/naturalfrank.com\\\/ayudar\\\/?s={search_term_string}\"},\"query-input\":{\"@type\":\"PropertyValueSpecification\",\"valueRequired\":true,\"valueName\":\"search_term_string\"}}],\"inLanguage\":\"es\"},{\"@type\":\"Organization\",\"@id\":\"https:\\\/\\\/naturalfrank.com\\\/ayudar\\\/#organization\",\"name\":\"Natural Shop\",\"alternateName\":\"NaturalShop\",\"url\":\"https:\\\/\\\/naturalfrank.com\\\/ayudar\\\/\",\"logo\":{\"@type\":\"ImageObject\",\"inLanguage\":\"es\",\"@id\":\"https:\\\/\\\/naturalfrank.com\\\/ayudar\\\/#\\\/schema\\\/logo\\\/image\\\/\",\"url\":\"https:\\\/\\\/naturalfrank.com\\\/ayudar\\\/wp-content\\\/uploads\\\/logoshop@2x.png\",\"contentUrl\":\"https:\\\/\\\/naturalfrank.com\\\/ayudar\\\/wp-content\\\/uploads\\\/logoshop@2x.png\",\"width\":400,\"height\":136,\"caption\":\"Natural Shop\"},\"image\":{\"@id\":\"https:\\\/\\\/naturalfrank.com\\\/ayudar\\\/#\\\/schema\\\/logo\\\/image\\\/\"}}]}<\/script>\n<!-- \/ Yoast SEO plugin. -->","yoast_head_json":{"title":"Pol\u00edtica de Cookies &#8902; Natural Shop","description":"P\u00e1gina de pol\u00edticas de cookies","robots":{"index":"noindex","follow":"follow"},"og_locale":"es_ES","og_type":"article","og_title":"Pol\u00edtica de Cookies &#8902; Natural Shop","og_description":"P\u00e1gina de pol\u00edticas de cookies","og_url":"https:\/\/naturalfrank.com\/ayudar\/politica-de-cookies\/","og_site_name":"Natural Shop","article_modified_time":"2021-11-20T06:47:01+00:00","og_image":[{"width":1280,"height":721,"url":"https:\/\/naturalfrank.com\/ayudar\/wp-content\/uploads\/Politica-Cookies.jpg","type":"image\/jpeg"}],"twitter_card":"summary_large_image","schema":{"@context":"https:\/\/schema.org","@graph":[{"@type":"WebPage","@id":"https:\/\/naturalfrank.com\/ayudar\/politica-de-cookies\/","url":"https:\/\/naturalfrank.com\/ayudar\/politica-de-cookies\/","name":"Pol\u00edtica de Cookies &#8902; Natural Shop","isPartOf":{"@id":"https:\/\/naturalfrank.com\/ayudar\/#website"},"primaryImageOfPage":{"@id":"https:\/\/naturalfrank.com\/ayudar\/politica-de-cookies\/#primaryimage"},"image":{"@id":"https:\/\/naturalfrank.com\/ayudar\/politica-de-cookies\/#primaryimage"},"thumbnailUrl":"https:\/\/naturalfrank.com\/ayudar\/wp-content\/uploads\/Politica-Cookies.jpg","datePublished":"2021-02-08T22:00:35+00:00","dateModified":"2021-11-20T06:47:01+00:00","description":"P\u00e1gina de pol\u00edticas de cookies","inLanguage":"es","potentialAction":[{"@type":"ReadAction","target":["https:\/\/naturalfrank.com\/ayudar\/politica-de-cookies\/"]}]},{"@type":"ImageObject","inLanguage":"es","@id":"https:\/\/naturalfrank.com\/ayudar\/politica-de-cookies\/#primaryimage","url":"https:\/\/naturalfrank.com\/ayudar\/wp-content\/uploads\/Politica-Cookies.jpg","contentUrl":"https:\/\/naturalfrank.com\/ayudar\/wp-content\/uploads\/Politica-Cookies.jpg","width":1280,"height":721,"caption":"Pol\u00edtica de Cookies"},{"@type":"WebSite","@id":"https:\/\/naturalfrank.com\/ayudar\/#website","url":"https:\/\/naturalfrank.com\/ayudar\/","name":"Natural Shop","description":"La Tienda de NaturalFrank!","publisher":{"@id":"https:\/\/naturalfrank.com\/ayudar\/#organization"},"potentialAction":[{"@type":"SearchAction","target":{"@type":"EntryPoint","urlTemplate":"https:\/\/naturalfrank.com\/ayudar\/?s={search_term_string}"},"query-input":{"@type":"PropertyValueSpecification","valueRequired":true,"valueName":"search_term_string"}}],"inLanguage":"es"},{"@type":"Organization","@id":"https:\/\/naturalfrank.com\/ayudar\/#organization","name":"Natural Shop","alternateName":"NaturalShop","url":"https:\/\/naturalfrank.com\/ayudar\/","logo":{"@type":"ImageObject","inLanguage":"es","@id":"https:\/\/naturalfrank.com\/ayudar\/#\/schema\/logo\/image\/","url":"https:\/\/naturalfrank.com\/ayudar\/wp-content\/uploads\/logoshop@2x.png","contentUrl":"https:\/\/naturalfrank.com\/ayudar\/wp-content\/uploads\/logoshop@2x.png","width":400,"height":136,"caption":"Natural Shop"},"image":{"@id":"https:\/\/naturalfrank.com\/ayudar\/#\/schema\/logo\/image\/"}}]}},"_links":{"self":[{"href":"https:\/\/naturalfrank.com\/ayudar\/wp-json\/wp\/v2\/pages\/7034","targetHints":{"allow":["GET"]}}],"collection":[{"href":"https:\/\/naturalfrank.com\/ayudar\/wp-json\/wp\/v2\/pages"}],"about":[{"href":"https:\/\/naturalfrank.com\/ayudar\/wp-json\/wp\/v2\/types\/page"}],"author":[{"embeddable":true,"href":"https:\/\/naturalfrank.com\/ayudar\/wp-json\/wp\/v2\/users\/1"}],"replies":[{"embeddable":true,"href":"https:\/\/naturalfrank.com\/ayudar\/wp-json\/wp\/v2\/comments?post=7034"}],"version-history":[{"count":0,"href":"https:\/\/naturalfrank.com\/ayudar\/wp-json\/wp\/v2\/pages\/7034\/revisions"}],"wp:featuredmedia":[{"embeddable":true,"href":"https:\/\/naturalfrank.com\/ayudar\/wp-json\/wp\/v2\/media\/7038"}],"wp:attachment":[{"href":"https:\/\/naturalfrank.com\/ayudar\/wp-json\/wp\/v2\/media?parent=7034"}],"curies":[{"name":"wp","href":"https:\/\/api.w.org\/{rel}","templated":true}]}}