{"id":10185,"date":"2021-10-14T12:27:32","date_gmt":"2021-10-14T12:27:32","guid":{"rendered":"https:\/\/naturalfrank.com\/ayudar\/?post_type=product&#038;p=10185"},"modified":"2025-10-26T07:28:39","modified_gmt":"2025-10-26T07:28:39","slug":"camiseta-espinete-original-natural-frank-cuesta","status":"publish","type":"product","link":"https:\/\/naturalfrank.com\/ayudar\/sale\/camiseta-espinete-original-natural-frank-cuesta\/","title":{"rendered":"Camiseta de ESPINETE ORIGINAL Unisex by Natural Frank"},"content":{"rendered":"<h4 style=\"text-align: center;\"><strong>Camiseta de ESPINETE ORIGINAL <\/strong><strong>Unisex, cl\u00e1sica, varios colores<br \/>\n<\/strong><\/h4>\n<h5 style=\"text-align: center;\"><strong>by NATURAL FRANK<\/strong><\/h5>\n<h6 style=\"text-align: center;\"><strong>Colores s\u00f3lidos 100% de algod\u00f3n hilado en anillos<\/strong><br \/>\n<img decoding=\"async\" class=\"aligncenter size-full wp-image-7480 lazyload\" data-src=\"https:\/\/naturalfrank.com\/ayudar\/wp-content\/uploads\/100-algodon.png\" alt=\"\" width=\"63\" height=\"61.5\" src=\"data:image\/svg+xml;base64,PHN2ZyB3aWR0aD0iMSIgaGVpZ2h0PSIxIiB4bWxucz0iaHR0cDovL3d3dy53My5vcmcvMjAwMC9zdmciPjwvc3ZnPg==\" style=\"--smush-placeholder-width: 63px; --smush-placeholder-aspect-ratio: 63\/61;\" \/><\/h6>\n<p style=\"text-align: center;\">(Otros tonos 65% de poli\u00e9ster y 35% algod\u00f3n)<\/p>\n<p style=\"font-size: 14px; text-align: center;\"><strong>UNISEX &#8211; CORTE CLASICO &#8211; CUELLO REDONDO &#8211; VARIOS COLORES A ELECCI\u00d3N<\/strong><\/p>\n<p><span id=\"tabladetallas\" style=\"color: #d33333;\"><strong>REFERENCIA DE TALLAS<\/strong><\/span><br \/>\n<img fetchpriority=\"high\" decoding=\"async\" class=\"aligncenter size-medium wp-image-7688\" src=\"https:\/\/naturalfrank.com\/ayudar\/wp-content\/uploads\/tamanos_camisetas_unisex-300x250.png\" alt=\"Tabla tallas tama\u00f1o camisetas unisex\" width=\"300\" height=\"250\" srcset=\"https:\/\/naturalfrank.com\/ayudar\/wp-content\/uploads\/\/tamanos_camisetas_unisex-300x250.png 300w, https:\/\/naturalfrank.com\/ayudar\/wp-content\/uploads\/\/tamanos_camisetas_unisex-150x125.png 150w, https:\/\/naturalfrank.com\/ayudar\/wp-content\/uploads\/\/tamanos_camisetas_unisex.png 480w\" sizes=\"(max-width: 300px) 100vw, 300px\" \/><\/p>\n<div class=\"aligncenter\">\n<style type=\"text\/css\">\n.tg  {border-collapse:collapse;border-spacing:0;}<br \/>.tg td{border-color:black;border-style:solid;border-width:1px;word-break:normal;padding:0;font-size:14px;}<br \/>.tg th{border-color:black;border-style:solid;border-width:1px;word-break:normal;padding:0;font-size:14px;}<br \/>.tg .tg-yj5y{background-color:#efefef;border-color:inherit;text-align:center;vertical-align:middle}<br \/>.tg .tg-v0hj{background-color:#efefef;border-color:inherit;font-weight:bold;text-align:center;vertical-align:middle}<br \/>.tg .tg-zlqz{background-color:#c0c0c0;border-color:inherit;font-weight:bold;text-align:center;vertical-align:middle}<br \/>.tg .tg-c3ow{border-color:inherit;text-align:center;vertical-align:middle}<br \/>.tg .tg-7g6k{background-color:#ffffff;border-color:inherit;font-weight:bold;text-align:center;vertical-align:middle}<br \/><\/style>\n<table class=\"tg\">\n<thead>\n<tr>\n<th class=\"tg-zlqz\">En cm<\/th>\n<th class=\"tg-zlqz\">XS<\/th>\n<th class=\"tg-zlqz\">S<\/th>\n<th class=\"tg-zlqz\">M<\/th>\n<th class=\"tg-zlqz\">L<\/th>\n<th class=\"tg-zlqz\">XL<\/th>\n<th class=\"tg-zlqz\">2XL<\/th>\n<th class=\"tg-zlqz\">3XL<\/th>\n<th class=\"tg-zlqz\">4XL<\/th>\n<\/tr>\n<\/thead>\n<tbody>\n<tr>\n<td class=\"tg-v0hj\">Largo (A)<\/td>\n<td class=\"tg-yj5y\">56<\/td>\n<td class=\"tg-yj5y\">71<\/td>\n<td class=\"tg-yj5y\">74<\/td>\n<td class=\"tg-yj5y\">76<\/td>\n<td class=\"tg-yj5y\">79<\/td>\n<td class=\"tg-yj5y\">81<\/td>\n<td class=\"tg-yj5y\">84<\/td>\n<td class=\"tg-yj5y\">86<\/td>\n<\/tr>\n<tr>\n<td class=\"tg-7g6k\">Ancho (B)<\/td>\n<td class=\"tg-c3ow\">44<\/td>\n<td class=\"tg-c3ow\">46<\/td>\n<td class=\"tg-c3ow\">51<\/td>\n<td class=\"tg-c3ow\">56<\/td>\n<td class=\"tg-c3ow\">61<\/td>\n<td class=\"tg-c3ow\">66<\/td>\n<td class=\"tg-c3ow\">71<\/td>\n<td class=\"tg-c3ow\">76<\/td>\n<\/tr>\n<\/tbody>\n<\/table>\n<p>Medidas EUROPEAS aprox. con la prenda extendida. Variaci\u00f3n +\/- 3 cm.<br \/>\nPara otras tallas diferentes a las de la tabla, contactarnos mediante el chat o por correo. Se hacen bajo pedido especial.<\/p>\n<\/div>\n<p style=\"text-align: justify;\">POR FAVOR consulta la <a style=\"border: 1px solid red; font-weight: bold;\" href=\"#tabladetallas\">TABLA DE REFERENCIA DE TALLAS<\/a> de arriba para saber cu\u00e1l es la que mejor se adecua a tus necesidades.<\/p>\n<p style=\"text-align: center;\"><span class=\"single_add_to_cart_button button alt\"><a style=\"color: white; font-weight: bold;\" href=\"#pedirahora\">ELEGIR COLOR Y TALLA<\/a><\/span><\/p>\n<p style=\"text-align: justify;\">SI YA HAS SELECCIONADO LO QUE DESEAS, AHORA PUEDES:<\/p>\n<p class=\"woocommerce-mini-cart__buttons buttons\" style=\"text-align: center;\"><a class=\"button wc-forward\" style=\"color: white; font-weight: bold;\" href=\"https:\/\/naturalfrank.com\/ayudar\/cart\/\">VERIFICAR EL PEDIDO<\/a><\/p>\n<hr \/>\n<p style=\"text-align: center;\">PUEDES LEER LAS <a style=\"font-weight: bold; color: #1990fd;\" href=\"https:\/\/naturalfrank.com\/ayudar\/atencion-al-cliente\/\" target=\"_blank\" rel=\"noopener noreferrer\">PREGUNTAS FRECUENTES<\/a> y LOS <a style=\"font-weight: bold; color: #1990fd;\" href=\"https:\/\/naturalfrank.com\/ayudar\/terminos-y-condiciones\/\" target=\"_blank\" rel=\"noopener noreferrer\">T\u00c9RMINOS Y CONDICIONES<\/a> PARA MAYOR INFORMACI\u00d3N.<\/p>\n<hr \/>\n<p style=\"font-size: 10px; text-align: center; font-weight: bold;\">LAS IM\u00c1GENES SON A TITULO ILUSTRATIVO Y NO DEBEN SER TOMADAS EN CUENTA COMO \u00daNICO ELEMENTO PARA JUZGAR LA CALIDAD, DISE\u00d1O, TAMA\u00d1O O ESTILO DE LA PRENDA. TENER EN CUENTA QUE EL COLOR DE LA PRENDA EN LA PANTALLA PUEDE VARIAR ENTRE DISPOSITIVOS Y PODRIA NO SER EXACTAMENTE AL RECIBIDO.<\/p>\n<p style=\"font-size: 10px; text-align: center; font-weight: bold;\">LOS PRECIOS NO INCLUYEN GASTOS DE ENV\u00cdO PORQUE HAY VARIACIONES SEG\u00daN PA\u00cdS O ZONA Y SER\u00c1 CALCULADO POR EL SISTEMA AL MOMENTO DE INGRESAR LOS DATOS PERSONALES PARA LA ENTREGA.<\/p>\n<hr \/>\n<p style=\"text-align: center;\">LOS PEDIDOS REALIZADOS A PARTIR DE AHORA, PODRIAN NO LLEGAR A TIEMPO PARA CARNAVALES DE ESPA\u00d1A. SI NO EST\u00c1 SEGURO, NO REALICE LA COLABORACI\u00d3N. MUCHAS GRACIAS.<\/p>\n","protected":false},"excerpt":{"rendered":"<ul id=\"pedirahora\">\n<li style=\"text-align: justify;\">LOGO FRONTAL ESPINETE<\/li>\n<li style=\"text-align: justify;\">100% Algod\u00f3n. Manga corta, Cuello redondo<\/li>\n<li style=\"text-align: justify;\">Modelo Unisex<\/li>\n<li style=\"text-align: justify;\">Tallas XS-S-M-L-XL-2XL-3XL-4XL<\/li>\n<li style=\"text-align: justify;\">Varios colores a elecci\u00f3n<\/li>\n<\/ul>\n","protected":false},"featured_media":10177,"comment_status":"open","ping_status":"closed","template":"","meta":[],"product_brand":[],"product_cat":[32,109,43,15,27,40,108,65],"product_tag":[66,87,67,68,116,100,99,111,69,224,135,227,228,70,71,232,234,233,235,231,229,230,237,236,238,115,220,221,226,222,223,78,129,124,128,112,113,114,72,73,74,125,75,77,126,76,97,79,80,81,103,104,106,107,82,84,83,85,89,88,86,90,101,102,91,92,133,134,93,94,95,96,98,105,225],"class_list":{"0":"post-10185","1":"product","2":"type-product","3":"status-publish","4":"has-post-thumbnail","6":"product_cat-camisetas-hombre","7":"product_cat-camisetas-ninos","8":"product_cat-camisetas-mujer","9":"product_cat-general","10":"product_cat-hombre","11":"product_cat-mujer","12":"product_cat-ninos","13":"product_cat-unisex","14":"product_tag-algodon-100","15":"product_tag-baby-otter","16":"product_tag-blanca","17":"product_tag-camiseta","18":"product_tag-camiseta-de-espinete","19":"product_tag-camiseta-de-nutria","20":"product_tag-camiseta-de-nutrias","21":"product_tag-camiseta-de-puercoespin","22":"product_tag-camisetas","23":"product_tag-camisetas-de-zorro","24":"product_tag-camisetas-unisex","25":"product_tag-carnaval","26":"product_tag-carnaval-en-espana","27":"product_tag-chispas","28":"product_tag-cuello-redondo","29":"product_tag-disfraz","30":"product_tag-disfraz-de-frank-cuesta","31":"product_tag-disfraz-de-frank-de-la-jungla","32":"product_tag-disfraz-de-wild-frank","33":"product_tag-disfraz-en-la-rioja","34":"product_tag-disfraz-para-carnaval","35":"product_tag-disfraz-para-carnaval-en-espana","36":"product_tag-disfrazarme-de-frank-cuesta","37":"product_tag-disfrazarme-de-frank-de-la-jungla","38":"product_tag-disfrazarme-de-wild-frank","39":"product_tag-espinete","40":"product_tag-fennex","41":"product_tag-fennex-club","42":"product_tag-fennex-club-black-chispas-tee","43":"product_tag-fennexclub","44":"product_tag-fennexclub-com","45":"product_tag-frank-cuesta","46":"product_tag-frank-cuesta-discovery-channel","47":"product_tag-frank-de-la-jungla","48":"product_tag-frank-de-la-jungla-discovery","49":"product_tag-frank-discovery","50":"product_tag-frank-discovery-channel","51":"product_tag-frank-dmax","52":"product_tag-gris","53":"product_tag-la-camiseta-de-chispas","54":"product_tag-la-camiseta-de-frank-cuesta","55":"product_tag-la-camiseta-de-frank-de-la-jungla","56":"product_tag-la-camiseta-de-wild-frank","57":"product_tag-la-ropa-de-frank-cuesta","58":"product_tag-la-ropa-de-frank-de-la-jungla","59":"product_tag-la-ropa-de-wild-frank","60":"product_tag-la-vida-es-una-mierda-maravillosa","61":"product_tag-logo","62":"product_tag-logo-chispas","63":"product_tag-logo-de-chispas","64":"product_tag-merch-de-frank-cuesta","65":"product_tag-merch-de-wild-frank","66":"product_tag-merchandising-de-frank-cuesta","67":"product_tag-merchandising-de-wild-frank","68":"product_tag-negra","69":"product_tag-nutria","70":"product_tag-nutrias","71":"product_tag-otter","72":"product_tag-otter-shirt","73":"product_tag-otter-t-shirt","74":"product_tag-otters","75":"product_tag-playera","76":"product_tag-playera-de-nutria","77":"product_tag-playera-de-nutrias","78":"product_tag-playeras","79":"product_tag-polos","80":"product_tag-porcupine","81":"product_tag-porcupine-merchandising","82":"product_tag-remera","83":"product_tag-remeras","84":"product_tag-si-no-hay-demanda-no-hay-negocio","85":"product_tag-unisex","86":"product_tag-wild-frank","87":"product_tag-wild-franks-merch","88":"product_tag-zorro-cuesta","90":"first","91":"instock","92":"sale","93":"shipping-taxable","94":"purchasable","95":"product-type-variable","96":"has-default-attributes"},"yoast_head":"<!-- This site is optimized with the Yoast SEO plugin v27.3 - https:\/\/yoast.com\/product\/yoast-seo-wordpress\/ -->\n<title>\u25b7 Camiseta de ESPINETE ORIGINAL Unisex by Natural Frank &#8902; Natural Shop<\/title>\n<meta name=\"description\" content=\"Pide ya la Camiseta de Espinete de Frank Cuesta by Natural Frank! Original 100% algod\u00f3n, tallas unisex, ni\u00f1os y adultos! Playeras, Remeras, Polos, Merch!\" \/>\n<meta name=\"robots\" content=\"index, follow, max-snippet:-1, max-image-preview:large, max-video-preview:-1\" \/>\n<link rel=\"canonical\" href=\"https:\/\/naturalfrank.com\/ayudar\/sale\/camiseta-espinete-original-natural-frank-cuesta\/\" \/>\n<meta property=\"og:locale\" content=\"es_ES\" \/>\n<meta property=\"og:type\" content=\"article\" \/>\n<meta property=\"og:title\" content=\"\u25b7 Camiseta de ESPINETE ORIGINAL Unisex by Natural Frank &#8902; Natural Shop\" \/>\n<meta property=\"og:description\" content=\"Pide ya la Camiseta de Espinete de Frank Cuesta by Natural Frank! Original 100% algod\u00f3n, tallas unisex, ni\u00f1os y adultos! Playeras, Remeras, Polos, Merch!\" \/>\n<meta property=\"og:url\" content=\"https:\/\/naturalfrank.com\/ayudar\/sale\/camiseta-espinete-original-natural-frank-cuesta\/\" \/>\n<meta property=\"og:site_name\" content=\"Natural Shop\" \/>\n<meta property=\"article:modified_time\" content=\"2025-10-26T07:28:39+00:00\" \/>\n<meta property=\"og:image\" content=\"https:\/\/naturalfrank.com\/ayudar\/wp-content\/uploads\/camiseta-algodon-espinete-original-natural-frank-blanca.webp\" \/>\n\t<meta property=\"og:image:width\" content=\"720\" \/>\n\t<meta property=\"og:image:height\" content=\"720\" \/>\n\t<meta property=\"og:image:type\" content=\"image\/webp\" \/>\n<meta name=\"twitter:card\" content=\"summary_large_image\" \/>\n<script type=\"application\/ld+json\" class=\"yoast-schema-graph\">{\"@context\":\"https:\\\/\\\/schema.org\",\"@graph\":[{\"@type\":\"WebPage\",\"@id\":\"https:\\\/\\\/naturalfrank.com\\\/ayudar\\\/sale\\\/camiseta-espinete-original-natural-frank-cuesta\\\/\",\"url\":\"https:\\\/\\\/naturalfrank.com\\\/ayudar\\\/sale\\\/camiseta-espinete-original-natural-frank-cuesta\\\/\",\"name\":\"\u25b7 Camiseta de ESPINETE ORIGINAL Unisex by Natural Frank &#8902; Natural Shop\",\"isPartOf\":{\"@id\":\"https:\\\/\\\/naturalfrank.com\\\/ayudar\\\/#website\"},\"primaryImageOfPage\":{\"@id\":\"https:\\\/\\\/naturalfrank.com\\\/ayudar\\\/sale\\\/camiseta-espinete-original-natural-frank-cuesta\\\/#primaryimage\"},\"image\":{\"@id\":\"https:\\\/\\\/naturalfrank.com\\\/ayudar\\\/sale\\\/camiseta-espinete-original-natural-frank-cuesta\\\/#primaryimage\"},\"thumbnailUrl\":\"https:\\\/\\\/naturalfrank.com\\\/ayudar\\\/wp-content\\\/uploads\\\/camiseta-algodon-espinete-original-natural-frank-blanca.webp\",\"datePublished\":\"2021-10-14T12:27:32+00:00\",\"dateModified\":\"2025-10-26T07:28:39+00:00\",\"description\":\"Pide ya la Camiseta de Espinete de Frank Cuesta by Natural Frank! Original 100% algod\u00f3n, tallas unisex, ni\u00f1os y adultos! Playeras, Remeras, Polos, Merch!\",\"breadcrumb\":{\"@id\":\"https:\\\/\\\/naturalfrank.com\\\/ayudar\\\/sale\\\/camiseta-espinete-original-natural-frank-cuesta\\\/#breadcrumb\"},\"inLanguage\":\"es\",\"potentialAction\":[{\"@type\":\"ReadAction\",\"target\":[\"https:\\\/\\\/naturalfrank.com\\\/ayudar\\\/sale\\\/camiseta-espinete-original-natural-frank-cuesta\\\/\"]}]},{\"@type\":\"ImageObject\",\"inLanguage\":\"es\",\"@id\":\"https:\\\/\\\/naturalfrank.com\\\/ayudar\\\/sale\\\/camiseta-espinete-original-natural-frank-cuesta\\\/#primaryimage\",\"url\":\"https:\\\/\\\/naturalfrank.com\\\/ayudar\\\/wp-content\\\/uploads\\\/camiseta-algodon-espinete-original-natural-frank-blanca.webp\",\"contentUrl\":\"https:\\\/\\\/naturalfrank.com\\\/ayudar\\\/wp-content\\\/uploads\\\/camiseta-algodon-espinete-original-natural-frank-blanca.webp\",\"width\":720,\"height\":720},{\"@type\":\"BreadcrumbList\",\"@id\":\"https:\\\/\\\/naturalfrank.com\\\/ayudar\\\/sale\\\/camiseta-espinete-original-natural-frank-cuesta\\\/#breadcrumb\",\"itemListElement\":[{\"@type\":\"ListItem\",\"position\":1,\"name\":\"Tienda\",\"item\":\"https:\\\/\\\/naturalfrank.com\\\/ayudar\\\/sale\\\/\"},{\"@type\":\"ListItem\",\"position\":2,\"name\":\"Camiseta de ESPINETE ORIGINAL Unisex by Natural Frank\"}]},{\"@type\":\"WebSite\",\"@id\":\"https:\\\/\\\/naturalfrank.com\\\/ayudar\\\/#website\",\"url\":\"https:\\\/\\\/naturalfrank.com\\\/ayudar\\\/\",\"name\":\"Natural Shop\",\"description\":\"La Tienda de NaturalFrank!\",\"publisher\":{\"@id\":\"https:\\\/\\\/naturalfrank.com\\\/ayudar\\\/#organization\"},\"potentialAction\":[{\"@type\":\"SearchAction\",\"target\":{\"@type\":\"EntryPoint\",\"urlTemplate\":\"https:\\\/\\\/naturalfrank.com\\\/ayudar\\\/?s={search_term_string}\"},\"query-input\":{\"@type\":\"PropertyValueSpecification\",\"valueRequired\":true,\"valueName\":\"search_term_string\"}}],\"inLanguage\":\"es\"},{\"@type\":\"Organization\",\"@id\":\"https:\\\/\\\/naturalfrank.com\\\/ayudar\\\/#organization\",\"name\":\"Natural Shop\",\"alternateName\":\"NaturalShop\",\"url\":\"https:\\\/\\\/naturalfrank.com\\\/ayudar\\\/\",\"logo\":{\"@type\":\"ImageObject\",\"inLanguage\":\"es\",\"@id\":\"https:\\\/\\\/naturalfrank.com\\\/ayudar\\\/#\\\/schema\\\/logo\\\/image\\\/\",\"url\":\"https:\\\/\\\/naturalfrank.com\\\/ayudar\\\/wp-content\\\/uploads\\\/logoshop@2x.png\",\"contentUrl\":\"https:\\\/\\\/naturalfrank.com\\\/ayudar\\\/wp-content\\\/uploads\\\/logoshop@2x.png\",\"width\":400,\"height\":136,\"caption\":\"Natural Shop\"},\"image\":{\"@id\":\"https:\\\/\\\/naturalfrank.com\\\/ayudar\\\/#\\\/schema\\\/logo\\\/image\\\/\"}}]}<\/script>\n<!-- \/ Yoast SEO plugin. -->","yoast_head_json":{"title":"\u25b7 Camiseta de ESPINETE ORIGINAL Unisex by Natural Frank &#8902; Natural Shop","description":"Pide ya la Camiseta de Espinete de Frank Cuesta by Natural Frank! Original 100% algod\u00f3n, tallas unisex, ni\u00f1os y adultos! Playeras, Remeras, Polos, Merch!","robots":{"index":"index","follow":"follow","max-snippet":"max-snippet:-1","max-image-preview":"max-image-preview:large","max-video-preview":"max-video-preview:-1"},"canonical":"https:\/\/naturalfrank.com\/ayudar\/sale\/camiseta-espinete-original-natural-frank-cuesta\/","og_locale":"es_ES","og_type":"article","og_title":"\u25b7 Camiseta de ESPINETE ORIGINAL Unisex by Natural Frank &#8902; Natural Shop","og_description":"Pide ya la Camiseta de Espinete de Frank Cuesta by Natural Frank! Original 100% algod\u00f3n, tallas unisex, ni\u00f1os y adultos! Playeras, Remeras, Polos, Merch!","og_url":"https:\/\/naturalfrank.com\/ayudar\/sale\/camiseta-espinete-original-natural-frank-cuesta\/","og_site_name":"Natural Shop","article_modified_time":"2025-10-26T07:28:39+00:00","og_image":[{"width":720,"height":720,"url":"https:\/\/naturalfrank.com\/ayudar\/wp-content\/uploads\/camiseta-algodon-espinete-original-natural-frank-blanca.webp","type":"image\/webp"}],"twitter_card":"summary_large_image","schema":{"@context":"https:\/\/schema.org","@graph":[{"@type":"WebPage","@id":"https:\/\/naturalfrank.com\/ayudar\/sale\/camiseta-espinete-original-natural-frank-cuesta\/","url":"https:\/\/naturalfrank.com\/ayudar\/sale\/camiseta-espinete-original-natural-frank-cuesta\/","name":"\u25b7 Camiseta de ESPINETE ORIGINAL Unisex by Natural Frank &#8902; Natural Shop","isPartOf":{"@id":"https:\/\/naturalfrank.com\/ayudar\/#website"},"primaryImageOfPage":{"@id":"https:\/\/naturalfrank.com\/ayudar\/sale\/camiseta-espinete-original-natural-frank-cuesta\/#primaryimage"},"image":{"@id":"https:\/\/naturalfrank.com\/ayudar\/sale\/camiseta-espinete-original-natural-frank-cuesta\/#primaryimage"},"thumbnailUrl":"https:\/\/naturalfrank.com\/ayudar\/wp-content\/uploads\/camiseta-algodon-espinete-original-natural-frank-blanca.webp","datePublished":"2021-10-14T12:27:32+00:00","dateModified":"2025-10-26T07:28:39+00:00","description":"Pide ya la Camiseta de Espinete de Frank Cuesta by Natural Frank! Original 100% algod\u00f3n, tallas unisex, ni\u00f1os y adultos! Playeras, Remeras, Polos, Merch!","breadcrumb":{"@id":"https:\/\/naturalfrank.com\/ayudar\/sale\/camiseta-espinete-original-natural-frank-cuesta\/#breadcrumb"},"inLanguage":"es","potentialAction":[{"@type":"ReadAction","target":["https:\/\/naturalfrank.com\/ayudar\/sale\/camiseta-espinete-original-natural-frank-cuesta\/"]}]},{"@type":"ImageObject","inLanguage":"es","@id":"https:\/\/naturalfrank.com\/ayudar\/sale\/camiseta-espinete-original-natural-frank-cuesta\/#primaryimage","url":"https:\/\/naturalfrank.com\/ayudar\/wp-content\/uploads\/camiseta-algodon-espinete-original-natural-frank-blanca.webp","contentUrl":"https:\/\/naturalfrank.com\/ayudar\/wp-content\/uploads\/camiseta-algodon-espinete-original-natural-frank-blanca.webp","width":720,"height":720},{"@type":"BreadcrumbList","@id":"https:\/\/naturalfrank.com\/ayudar\/sale\/camiseta-espinete-original-natural-frank-cuesta\/#breadcrumb","itemListElement":[{"@type":"ListItem","position":1,"name":"Tienda","item":"https:\/\/naturalfrank.com\/ayudar\/sale\/"},{"@type":"ListItem","position":2,"name":"Camiseta de ESPINETE ORIGINAL Unisex by Natural Frank"}]},{"@type":"WebSite","@id":"https:\/\/naturalfrank.com\/ayudar\/#website","url":"https:\/\/naturalfrank.com\/ayudar\/","name":"Natural Shop","description":"La Tienda de NaturalFrank!","publisher":{"@id":"https:\/\/naturalfrank.com\/ayudar\/#organization"},"potentialAction":[{"@type":"SearchAction","target":{"@type":"EntryPoint","urlTemplate":"https:\/\/naturalfrank.com\/ayudar\/?s={search_term_string}"},"query-input":{"@type":"PropertyValueSpecification","valueRequired":true,"valueName":"search_term_string"}}],"inLanguage":"es"},{"@type":"Organization","@id":"https:\/\/naturalfrank.com\/ayudar\/#organization","name":"Natural Shop","alternateName":"NaturalShop","url":"https:\/\/naturalfrank.com\/ayudar\/","logo":{"@type":"ImageObject","inLanguage":"es","@id":"https:\/\/naturalfrank.com\/ayudar\/#\/schema\/logo\/image\/","url":"https:\/\/naturalfrank.com\/ayudar\/wp-content\/uploads\/logoshop@2x.png","contentUrl":"https:\/\/naturalfrank.com\/ayudar\/wp-content\/uploads\/logoshop@2x.png","width":400,"height":136,"caption":"Natural Shop"},"image":{"@id":"https:\/\/naturalfrank.com\/ayudar\/#\/schema\/logo\/image\/"}}]}},"_links":{"self":[{"href":"https:\/\/naturalfrank.com\/ayudar\/wp-json\/wp\/v2\/product\/10185","targetHints":{"allow":["GET"]}}],"collection":[{"href":"https:\/\/naturalfrank.com\/ayudar\/wp-json\/wp\/v2\/product"}],"about":[{"href":"https:\/\/naturalfrank.com\/ayudar\/wp-json\/wp\/v2\/types\/product"}],"replies":[{"embeddable":true,"href":"https:\/\/naturalfrank.com\/ayudar\/wp-json\/wp\/v2\/comments?post=10185"}],"wp:featuredmedia":[{"embeddable":true,"href":"https:\/\/naturalfrank.com\/ayudar\/wp-json\/wp\/v2\/media\/10177"}],"wp:attachment":[{"href":"https:\/\/naturalfrank.com\/ayudar\/wp-json\/wp\/v2\/media?parent=10185"}],"wp:term":[{"taxonomy":"product_brand","embeddable":true,"href":"https:\/\/naturalfrank.com\/ayudar\/wp-json\/wp\/v2\/product_brand?post=10185"},{"taxonomy":"product_cat","embeddable":true,"href":"https:\/\/naturalfrank.com\/ayudar\/wp-json\/wp\/v2\/product_cat?post=10185"},{"taxonomy":"product_tag","embeddable":true,"href":"https:\/\/naturalfrank.com\/ayudar\/wp-json\/wp\/v2\/product_tag?post=10185"}],"curies":[{"name":"wp","href":"https:\/\/api.w.org\/{rel}","templated":true}]}}