{"id":13974,"date":"2025-04-11T16:45:28","date_gmt":"2025-04-11T16:45:28","guid":{"rendered":"https:\/\/naturalfrank.com\/ayudar\/?post_type=product&#038;p=13974"},"modified":"2025-10-10T16:25:17","modified_gmt":"2025-10-10T16:25:17","slug":"gorra-de-la-vida-es-una-mierda-maravillosa-by-natural-frank","status":"publish","type":"product","link":"https:\/\/naturalfrank.com\/ayudar\/sale\/gorra-de-la-vida-es-una-mierda-maravillosa-by-natural-frank\/","title":{"rendered":"Gorra La vida es una Mierda Maravillosa by Natural Frank"},"content":{"rendered":"<h4 style=\"text-align: center;\"><strong>Gorra de La vida es una Mierda Maravillosa ORIGINAL by Natural Frank<\/strong><\/h4>\n<h5 style=\"text-align: center;\"><strong>(Life it&#8217;s a wonderful Shit Hat &#8211; Gorra de Mierda Maravillosa)<\/strong><\/h5>\n<p style=\"font-size: 14px; text-align: center;\"><strong>UNISEX &#8211; MODELO CL\u00c1SICO &#8211; AJUSTABLE &#8211; VARIOS COLORES A ELECCI\u00d3N<\/strong><\/p>\n<p><span id=\"tabladetallas\" style=\"color: #d33333; margin: auto; display: table; text-align: center;\"><strong>-ART\u00cdCULO S\u00d3LO PARA EUROPA-<br \/>\nSE PUEDE PEDIR SELECCIONANDO PREVIAMENTE CUALQUIER CAMISETA<\/strong><\/span><\/p>\n<div class=\"aligncenter\">\n<style type=\"text\/css\">\n.tg  {border-collapse:collapse;border-spacing:0;}<br \/>.tg td{border-color:black;border-style:solid;border-width:1px;word-break:normal;padding:0;font-size:14px;}<br \/>.tg th{border-color:black;border-style:solid;border-width:1px;word-break:normal;padding:0;font-size:14px;}<br \/>.tg .tg-yj5y{background-color:#efefef;border-color:inherit;text-align:center;vertical-align:middle}<br \/>.tg .tg-v0hj{background-color:#efefef;border-color:inherit;font-weight:bold;text-align:center;vertical-align:middle}<br \/>.tg .tg-zlqz{background-color:#c0c0c0;border-color:inherit;font-weight:bold;text-align:center;vertical-align:middle}<br \/>.tg .tg-c3ow{border-color:inherit;text-align:center;vertical-align:middle}<br \/>.tg .tg-7g6k{background-color:#ffffff;border-color:inherit;font-weight:bold;text-align:center;vertical-align:middle}<br \/><\/style>\n<table class=\"tg\">\n<thead>\n<tr>\n<th class=\"tg-zlqz\">TAMA\u00d1O<\/th>\n<th class=\"tg-zlqz\">En Cm.<\/th>\n<\/tr>\n<\/thead>\n<tbody>\n<tr>\n<td class=\"tg-v0hj\">Ancho<\/td>\n<td class=\"tg-yj5y\">58 a 64<\/td>\n<\/tr>\n<tr>\n<td class=\"tg-7g6k\">Alto<\/td>\n<td class=\"tg-c3ow\">18<\/td>\n<\/tr>\n<\/tbody>\n<\/table>\n<p>Las medidas son aprox. y est\u00e1ndar a todos los colores.<\/p>\n<\/div>\n<p style=\"text-align: justify;\">SI YA HAS SELECCIONADO LO QUE DESEAS, AHORA PUEDES:<\/p>\n<p class=\"woocommerce-mini-cart__buttons buttons\" style=\"text-align: center;\"><a class=\"button wc-forward\" style=\"color: white; font-weight: bold;\" href=\"https:\/\/naturalfrank.com\/ayudar\/cart\/\">VERIFICAR EL PEDIDO<\/a><\/p>\n<hr \/>\n<p style=\"text-align: center;\">PUEDES LEER LAS <a style=\"font-weight: bold; color: #1990fd;\" href=\"https:\/\/naturalfrank.com\/ayudar\/atencion-al-cliente\/\" target=\"_blank\" rel=\"noopener noreferrer\">PREGUNTAS FRECUENTES<\/a> y LOS <a style=\"font-weight: bold; color: #1990fd;\" href=\"https:\/\/naturalfrank.com\/ayudar\/terminos-y-condiciones\/\" target=\"_blank\" rel=\"noopener noreferrer\">T\u00c9RMINOS Y CONDICIONES<\/a> PARA MAYOR INFORMACI\u00d3N.<\/p>\n<hr \/>\n<p style=\"font-size: 10px; text-align: center; font-weight: bold;\">LAS IM\u00c1GENES SON A TITULO ILUSTRATIVO Y NO DEBEN SER TOMADAS EN CUENTA COMO \u00daNICO ELEMENTO PARA JUZGAR LA CALIDAD, DISE\u00d1O, TAMA\u00d1O O ESTILO DE LA PRENDA. TENER EN CUENTA QUE EL COLOR DE LA PRENDA EN LA PANTALLA PUEDE VARIAR ENTRE DISPOSITIVOS Y PODRIA NO SER EXACTAMENTE AL RECIBIDO.<\/p>\n<p style=\"font-size: 10px; text-align: center; font-weight: bold;\">LOS PRECIOS PUEDE NO INCLUIR GASTOS DE ENV\u00cdO PORQUE DEPENDE DEL PA\u00cdS Y\/O ZONA Y SER\u00c1 CALCULADO POR EL SISTEMA AL MOMENTO DE INGRESAR LOS DATOS PERSONALES PARA LA ENTREGA.<\/p>\n<hr \/>\n","protected":false},"excerpt":{"rendered":"<ul id=\"pedirahora\">\n<li style=\"text-align: justify;\">Logo LA VIDA es una MIERDA MARAVILLOSA<\/li>\n<li style=\"text-align: justify;\">Modelo Unisex<\/li>\n<li style=\"text-align: justify;\">Talla \u00fanica universal ajustable<\/li>\n<li style=\"text-align: justify;\">Varios colores a elecci\u00f3n<\/li>\n<\/ul>\n","protected":false},"featured_media":13989,"comment_status":"open","ping_status":"closed","template":"","meta":[],"product_brand":[],"product_cat":[15,214,27,40,108,201,65],"product_tag":[224,218,227,228,232,234,233,235,231,229,230,237,236,238,115,220,221,226,222,223,78,129,124,128,112,113,114,216,257,255,258,256,219,217,77,126,76,97,215,103,104,106,127,107,133,95,96,98,105,225],"class_list":{"0":"post-13974","1":"product","2":"type-product","3":"status-publish","4":"has-post-thumbnail","6":"product_cat-general","7":"product_cat-gorras","8":"product_cat-hombre","9":"product_cat-mujer","10":"product_cat-ninos","11":"product_cat-regalos","12":"product_cat-unisex","13":"product_tag-camisetas-de-zorro","14":"product_tag-cap","15":"product_tag-carnaval","16":"product_tag-carnaval-en-espana","17":"product_tag-disfraz","18":"product_tag-disfraz-de-frank-cuesta","19":"product_tag-disfraz-de-frank-de-la-jungla","20":"product_tag-disfraz-de-wild-frank","21":"product_tag-disfraz-en-la-rioja","22":"product_tag-disfraz-para-carnaval","23":"product_tag-disfraz-para-carnaval-en-espana","24":"product_tag-disfrazarme-de-frank-cuesta","25":"product_tag-disfrazarme-de-frank-de-la-jungla","26":"product_tag-disfrazarme-de-wild-frank","27":"product_tag-espinete","28":"product_tag-fennex","29":"product_tag-fennex-club","30":"product_tag-fennex-club-black-chispas-tee","31":"product_tag-fennexclub","32":"product_tag-fennexclub-com","33":"product_tag-frank-cuesta","34":"product_tag-frank-cuesta-discovery-channel","35":"product_tag-frank-de-la-jungla","36":"product_tag-frank-de-la-jungla-discovery","37":"product_tag-frank-discovery","38":"product_tag-frank-discovery-channel","39":"product_tag-frank-dmax","40":"product_tag-gorra","41":"product_tag-gorra-de-espinete","42":"product_tag-gorra-de-nutria","43":"product_tag-gorra-de-puercoespin","44":"product_tag-gorra-de-si-no-hay-demanda-no-hay-negocio","45":"product_tag-gorro","46":"product_tag-gorros","47":"product_tag-la-ropa-de-frank-cuesta","48":"product_tag-la-ropa-de-frank-de-la-jungla","49":"product_tag-la-ropa-de-wild-frank","50":"product_tag-la-vida-es-una-mierda-maravillosa","51":"product_tag-logo-espinete","52":"product_tag-merch-de-frank-cuesta","53":"product_tag-merch-de-wild-frank","54":"product_tag-merchandising-de-frank-cuesta","55":"product_tag-merchandising-de-frank-de-la-jungla","56":"product_tag-merchandising-de-wild-frank","57":"product_tag-porcupine","58":"product_tag-si-no-hay-demanda-no-hay-negocio","59":"product_tag-unisex","60":"product_tag-wild-frank","61":"product_tag-wild-franks-merch","62":"product_tag-zorro-cuesta","64":"first","65":"outofstock","66":"shipping-taxable","67":"purchasable","68":"product-type-variable"},"yoast_head":"<!-- This site is optimized with the Yoast SEO plugin v27.3 - https:\/\/yoast.com\/product\/yoast-seo-wordpress\/ -->\n<title>Gorra La vida es una Mierda Maravillosa by Natural Frank &#8902; Natural Shop<\/title>\n<meta name=\"description\" content=\"Pide ya la Gorra La vida es una Mierda Maravillosa - Frank Cuesta by Natural Frank! Original 100%, tallas unisex, ni\u00f1os y adultos! Playeras, Remeras, Polos, Merch!\" \/>\n<meta name=\"robots\" content=\"index, follow, max-snippet:-1, max-image-preview:large, max-video-preview:-1\" \/>\n<link rel=\"canonical\" href=\"https:\/\/naturalfrank.com\/ayudar\/sale\/gorra-de-la-vida-es-una-mierda-maravillosa-by-natural-frank\/\" \/>\n<meta property=\"og:locale\" content=\"es_ES\" \/>\n<meta property=\"og:type\" content=\"article\" \/>\n<meta property=\"og:title\" content=\"Gorra La vida es una Mierda Maravillosa by Natural Frank &#8902; Natural Shop\" \/>\n<meta property=\"og:description\" content=\"Pide ya la Gorra La vida es una Mierda Maravillosa - Frank Cuesta by Natural Frank! Original 100%, tallas unisex, ni\u00f1os y adultos! Playeras, Remeras, Polos, Merch!\" \/>\n<meta property=\"og:url\" content=\"https:\/\/naturalfrank.com\/ayudar\/sale\/gorra-de-la-vida-es-una-mierda-maravillosa-by-natural-frank\/\" \/>\n<meta property=\"og:site_name\" content=\"Natural Shop\" \/>\n<meta property=\"article:modified_time\" content=\"2025-10-10T16:25:17+00:00\" \/>\n<meta property=\"og:image\" content=\"https:\/\/naturalfrank.com\/ayudar\/wp-content\/uploads\/gorra-la-vida-es-una-mierda-maravillosa-natural-frank-cuesta-negra.webp\" \/>\n\t<meta property=\"og:image:width\" content=\"1080\" \/>\n\t<meta property=\"og:image:height\" content=\"1080\" \/>\n\t<meta property=\"og:image:type\" content=\"image\/webp\" \/>\n<meta name=\"twitter:card\" content=\"summary_large_image\" \/>\n<script type=\"application\/ld+json\" class=\"yoast-schema-graph\">{\"@context\":\"https:\\\/\\\/schema.org\",\"@graph\":[{\"@type\":\"WebPage\",\"@id\":\"https:\\\/\\\/naturalfrank.com\\\/ayudar\\\/sale\\\/gorra-de-la-vida-es-una-mierda-maravillosa-by-natural-frank\\\/\",\"url\":\"https:\\\/\\\/naturalfrank.com\\\/ayudar\\\/sale\\\/gorra-de-la-vida-es-una-mierda-maravillosa-by-natural-frank\\\/\",\"name\":\"Gorra La vida es una Mierda Maravillosa by Natural Frank &#8902; Natural Shop\",\"isPartOf\":{\"@id\":\"https:\\\/\\\/naturalfrank.com\\\/ayudar\\\/#website\"},\"primaryImageOfPage\":{\"@id\":\"https:\\\/\\\/naturalfrank.com\\\/ayudar\\\/sale\\\/gorra-de-la-vida-es-una-mierda-maravillosa-by-natural-frank\\\/#primaryimage\"},\"image\":{\"@id\":\"https:\\\/\\\/naturalfrank.com\\\/ayudar\\\/sale\\\/gorra-de-la-vida-es-una-mierda-maravillosa-by-natural-frank\\\/#primaryimage\"},\"thumbnailUrl\":\"https:\\\/\\\/naturalfrank.com\\\/ayudar\\\/wp-content\\\/uploads\\\/gorra-la-vida-es-una-mierda-maravillosa-natural-frank-cuesta-negra.webp\",\"datePublished\":\"2025-04-11T16:45:28+00:00\",\"dateModified\":\"2025-10-10T16:25:17+00:00\",\"description\":\"Pide ya la Gorra La vida es una Mierda Maravillosa - Frank Cuesta by Natural Frank! Original 100%, tallas unisex, ni\u00f1os y adultos! Playeras, Remeras, Polos, Merch!\",\"breadcrumb\":{\"@id\":\"https:\\\/\\\/naturalfrank.com\\\/ayudar\\\/sale\\\/gorra-de-la-vida-es-una-mierda-maravillosa-by-natural-frank\\\/#breadcrumb\"},\"inLanguage\":\"es\",\"potentialAction\":[{\"@type\":\"ReadAction\",\"target\":[\"https:\\\/\\\/naturalfrank.com\\\/ayudar\\\/sale\\\/gorra-de-la-vida-es-una-mierda-maravillosa-by-natural-frank\\\/\"]}]},{\"@type\":\"ImageObject\",\"inLanguage\":\"es\",\"@id\":\"https:\\\/\\\/naturalfrank.com\\\/ayudar\\\/sale\\\/gorra-de-la-vida-es-una-mierda-maravillosa-by-natural-frank\\\/#primaryimage\",\"url\":\"https:\\\/\\\/naturalfrank.com\\\/ayudar\\\/wp-content\\\/uploads\\\/gorra-la-vida-es-una-mierda-maravillosa-natural-frank-cuesta-negra.webp\",\"contentUrl\":\"https:\\\/\\\/naturalfrank.com\\\/ayudar\\\/wp-content\\\/uploads\\\/gorra-la-vida-es-una-mierda-maravillosa-natural-frank-cuesta-negra.webp\",\"width\":1080,\"height\":1080},{\"@type\":\"BreadcrumbList\",\"@id\":\"https:\\\/\\\/naturalfrank.com\\\/ayudar\\\/sale\\\/gorra-de-la-vida-es-una-mierda-maravillosa-by-natural-frank\\\/#breadcrumb\",\"itemListElement\":[{\"@type\":\"ListItem\",\"position\":1,\"name\":\"Tienda\",\"item\":\"https:\\\/\\\/naturalfrank.com\\\/ayudar\\\/sale\\\/\"},{\"@type\":\"ListItem\",\"position\":2,\"name\":\"Gorra La vida es una Mierda Maravillosa by Natural Frank\"}]},{\"@type\":\"WebSite\",\"@id\":\"https:\\\/\\\/naturalfrank.com\\\/ayudar\\\/#website\",\"url\":\"https:\\\/\\\/naturalfrank.com\\\/ayudar\\\/\",\"name\":\"Natural Shop\",\"description\":\"La Tienda de NaturalFrank!\",\"publisher\":{\"@id\":\"https:\\\/\\\/naturalfrank.com\\\/ayudar\\\/#organization\"},\"potentialAction\":[{\"@type\":\"SearchAction\",\"target\":{\"@type\":\"EntryPoint\",\"urlTemplate\":\"https:\\\/\\\/naturalfrank.com\\\/ayudar\\\/?s={search_term_string}\"},\"query-input\":{\"@type\":\"PropertyValueSpecification\",\"valueRequired\":true,\"valueName\":\"search_term_string\"}}],\"inLanguage\":\"es\"},{\"@type\":\"Organization\",\"@id\":\"https:\\\/\\\/naturalfrank.com\\\/ayudar\\\/#organization\",\"name\":\"Natural Shop\",\"alternateName\":\"NaturalShop\",\"url\":\"https:\\\/\\\/naturalfrank.com\\\/ayudar\\\/\",\"logo\":{\"@type\":\"ImageObject\",\"inLanguage\":\"es\",\"@id\":\"https:\\\/\\\/naturalfrank.com\\\/ayudar\\\/#\\\/schema\\\/logo\\\/image\\\/\",\"url\":\"https:\\\/\\\/naturalfrank.com\\\/ayudar\\\/wp-content\\\/uploads\\\/logoshop@2x.png\",\"contentUrl\":\"https:\\\/\\\/naturalfrank.com\\\/ayudar\\\/wp-content\\\/uploads\\\/logoshop@2x.png\",\"width\":400,\"height\":136,\"caption\":\"Natural Shop\"},\"image\":{\"@id\":\"https:\\\/\\\/naturalfrank.com\\\/ayudar\\\/#\\\/schema\\\/logo\\\/image\\\/\"}}]}<\/script>\n<!-- \/ Yoast SEO plugin. -->","yoast_head_json":{"title":"Gorra La vida es una Mierda Maravillosa by Natural Frank &#8902; Natural Shop","description":"Pide ya la Gorra La vida es una Mierda Maravillosa - Frank Cuesta by Natural Frank! Original 100%, tallas unisex, ni\u00f1os y adultos! Playeras, Remeras, Polos, Merch!","robots":{"index":"index","follow":"follow","max-snippet":"max-snippet:-1","max-image-preview":"max-image-preview:large","max-video-preview":"max-video-preview:-1"},"canonical":"https:\/\/naturalfrank.com\/ayudar\/sale\/gorra-de-la-vida-es-una-mierda-maravillosa-by-natural-frank\/","og_locale":"es_ES","og_type":"article","og_title":"Gorra La vida es una Mierda Maravillosa by Natural Frank &#8902; Natural Shop","og_description":"Pide ya la Gorra La vida es una Mierda Maravillosa - Frank Cuesta by Natural Frank! Original 100%, tallas unisex, ni\u00f1os y adultos! Playeras, Remeras, Polos, Merch!","og_url":"https:\/\/naturalfrank.com\/ayudar\/sale\/gorra-de-la-vida-es-una-mierda-maravillosa-by-natural-frank\/","og_site_name":"Natural Shop","article_modified_time":"2025-10-10T16:25:17+00:00","og_image":[{"width":1080,"height":1080,"url":"https:\/\/naturalfrank.com\/ayudar\/wp-content\/uploads\/gorra-la-vida-es-una-mierda-maravillosa-natural-frank-cuesta-negra.webp","type":"image\/webp"}],"twitter_card":"summary_large_image","schema":{"@context":"https:\/\/schema.org","@graph":[{"@type":"WebPage","@id":"https:\/\/naturalfrank.com\/ayudar\/sale\/gorra-de-la-vida-es-una-mierda-maravillosa-by-natural-frank\/","url":"https:\/\/naturalfrank.com\/ayudar\/sale\/gorra-de-la-vida-es-una-mierda-maravillosa-by-natural-frank\/","name":"Gorra La vida es una Mierda Maravillosa by Natural Frank &#8902; Natural Shop","isPartOf":{"@id":"https:\/\/naturalfrank.com\/ayudar\/#website"},"primaryImageOfPage":{"@id":"https:\/\/naturalfrank.com\/ayudar\/sale\/gorra-de-la-vida-es-una-mierda-maravillosa-by-natural-frank\/#primaryimage"},"image":{"@id":"https:\/\/naturalfrank.com\/ayudar\/sale\/gorra-de-la-vida-es-una-mierda-maravillosa-by-natural-frank\/#primaryimage"},"thumbnailUrl":"https:\/\/naturalfrank.com\/ayudar\/wp-content\/uploads\/gorra-la-vida-es-una-mierda-maravillosa-natural-frank-cuesta-negra.webp","datePublished":"2025-04-11T16:45:28+00:00","dateModified":"2025-10-10T16:25:17+00:00","description":"Pide ya la Gorra La vida es una Mierda Maravillosa - Frank Cuesta by Natural Frank! Original 100%, tallas unisex, ni\u00f1os y adultos! Playeras, Remeras, Polos, Merch!","breadcrumb":{"@id":"https:\/\/naturalfrank.com\/ayudar\/sale\/gorra-de-la-vida-es-una-mierda-maravillosa-by-natural-frank\/#breadcrumb"},"inLanguage":"es","potentialAction":[{"@type":"ReadAction","target":["https:\/\/naturalfrank.com\/ayudar\/sale\/gorra-de-la-vida-es-una-mierda-maravillosa-by-natural-frank\/"]}]},{"@type":"ImageObject","inLanguage":"es","@id":"https:\/\/naturalfrank.com\/ayudar\/sale\/gorra-de-la-vida-es-una-mierda-maravillosa-by-natural-frank\/#primaryimage","url":"https:\/\/naturalfrank.com\/ayudar\/wp-content\/uploads\/gorra-la-vida-es-una-mierda-maravillosa-natural-frank-cuesta-negra.webp","contentUrl":"https:\/\/naturalfrank.com\/ayudar\/wp-content\/uploads\/gorra-la-vida-es-una-mierda-maravillosa-natural-frank-cuesta-negra.webp","width":1080,"height":1080},{"@type":"BreadcrumbList","@id":"https:\/\/naturalfrank.com\/ayudar\/sale\/gorra-de-la-vida-es-una-mierda-maravillosa-by-natural-frank\/#breadcrumb","itemListElement":[{"@type":"ListItem","position":1,"name":"Tienda","item":"https:\/\/naturalfrank.com\/ayudar\/sale\/"},{"@type":"ListItem","position":2,"name":"Gorra La vida es una Mierda Maravillosa by Natural Frank"}]},{"@type":"WebSite","@id":"https:\/\/naturalfrank.com\/ayudar\/#website","url":"https:\/\/naturalfrank.com\/ayudar\/","name":"Natural Shop","description":"La Tienda de NaturalFrank!","publisher":{"@id":"https:\/\/naturalfrank.com\/ayudar\/#organization"},"potentialAction":[{"@type":"SearchAction","target":{"@type":"EntryPoint","urlTemplate":"https:\/\/naturalfrank.com\/ayudar\/?s={search_term_string}"},"query-input":{"@type":"PropertyValueSpecification","valueRequired":true,"valueName":"search_term_string"}}],"inLanguage":"es"},{"@type":"Organization","@id":"https:\/\/naturalfrank.com\/ayudar\/#organization","name":"Natural Shop","alternateName":"NaturalShop","url":"https:\/\/naturalfrank.com\/ayudar\/","logo":{"@type":"ImageObject","inLanguage":"es","@id":"https:\/\/naturalfrank.com\/ayudar\/#\/schema\/logo\/image\/","url":"https:\/\/naturalfrank.com\/ayudar\/wp-content\/uploads\/logoshop@2x.png","contentUrl":"https:\/\/naturalfrank.com\/ayudar\/wp-content\/uploads\/logoshop@2x.png","width":400,"height":136,"caption":"Natural Shop"},"image":{"@id":"https:\/\/naturalfrank.com\/ayudar\/#\/schema\/logo\/image\/"}}]}},"_links":{"self":[{"href":"https:\/\/naturalfrank.com\/ayudar\/wp-json\/wp\/v2\/product\/13974","targetHints":{"allow":["GET"]}}],"collection":[{"href":"https:\/\/naturalfrank.com\/ayudar\/wp-json\/wp\/v2\/product"}],"about":[{"href":"https:\/\/naturalfrank.com\/ayudar\/wp-json\/wp\/v2\/types\/product"}],"replies":[{"embeddable":true,"href":"https:\/\/naturalfrank.com\/ayudar\/wp-json\/wp\/v2\/comments?post=13974"}],"wp:featuredmedia":[{"embeddable":true,"href":"https:\/\/naturalfrank.com\/ayudar\/wp-json\/wp\/v2\/media\/13989"}],"wp:attachment":[{"href":"https:\/\/naturalfrank.com\/ayudar\/wp-json\/wp\/v2\/media?parent=13974"}],"wp:term":[{"taxonomy":"product_brand","embeddable":true,"href":"https:\/\/naturalfrank.com\/ayudar\/wp-json\/wp\/v2\/product_brand?post=13974"},{"taxonomy":"product_cat","embeddable":true,"href":"https:\/\/naturalfrank.com\/ayudar\/wp-json\/wp\/v2\/product_cat?post=13974"},{"taxonomy":"product_tag","embeddable":true,"href":"https:\/\/naturalfrank.com\/ayudar\/wp-json\/wp\/v2\/product_tag?post=13974"}],"curies":[{"name":"wp","href":"https:\/\/api.w.org\/{rel}","templated":true}]}}